
-202
-157 (base 13) to base 9
-287
What is -111101111011 (base 2) in base 15?
-1293
What is -15462 (base 8) in base 4?
-1230302
Convert d6 (base 14) to base 8.
274
Convert 32331 (base 5) to base 11.
1735
What is 211011 (base 3) in base 10?
598
221100100 (base 3) to base 12
a839
What is 32112302 (base 4) in base 2?
1110010110110010
83a3 (base 16) to base 6
420003
Convert -15069 (base 11) to base 2.
-101001101111011
Convert -5613 (base 8) to base 2.
-101110001011
What is -11102002 (base 3) in base 5?
-100330
12725 (base 8) to base 3
21200000
-787 (base 12) to base 3
-1112011
-3333310 (base 4) to base 6
-203444
Convert 18689 (base 13) to base 4.
23202200
Convert 767 (base 12) to base 6.
5011
Convert 1224 (base 5) to base 13.
117
What is -12005 (base 6) in base 14?
-8bb
What is 7530 (base 10) in base 3?
101022220
-4d1 (base 16) to base 7
-3411
Convert 223b (base 12) to base 3.
12012102
What is 346 (base 16) in base 3?
1011001
What is -13321 (base 6) in base 14?
-a77
Convert -549 (base 11) to base 13.
-3b8
565 (base 12) to base 5
11142
550 (base 7) to base 16
118
Convert -49a (base 14) to base 12.
-648
-2096 (base 13) to base 6
-32525
What is 16b92 (base 12) in base 2?
1000000000011110
-1844 (base 10) to base 3
-2112022
What is 23202 (base 6) in base 9?
4482
Convert 654 (base 16) to base 2.
11001010100
2100 (base 5) to base 12
1ab
What is 516 (base 16) in base 4?
110112
What is -78f0 (base 16) in base 7?
-156156
Convert -56435 (base 7) to base 10.
-14285
232 (base 11) to base 6
1141
What is -13233 (base 4) in base 5?
-3440
-1372 (base 9) to base 12
-725
-11011000001000 (base 2) to base 7
-55220
What is 1685 (base 10) in base 6?
11445
What is 1450 (base 10) in base 13?
877
10320102 (base 4) to base 10
19986
1000 (base 11) to base 2
10100110011
What is 1b22 (base 12) in base 16?
d0a
What is 2002223 (base 4) in base 3?
102110202
Convert 32881 (base 12) to base 6.
1233441
Convert -11ac (base 14) to base 9.
-4215
Convert 1433 (base 7) to base 14.
2c3
863 (base 13) to base 4
112121
Convert 1a23 (base 11) to base 2.
101000000110
What is 110111001001 (base 2) in base 9?
4751
What is -172a (base 15) in base 6?
-35034
What is -4242 (base 5) in base 2?
-1000111100
-8959 (base 11) to base 3
-121012002
What is 17385 (base 11) in base 13?
b160
What is 233444 (base 6) in base 8?
47444
What is -5050 (base 6) in base 15?
-4e0
Convert -1010101021 (base 3) to base 14.
-80dd
Convert -1101110111 (base 2) to base 16.
-377
What is 1a678 (base 12) in base 3?
1222110102
-1714 (base 13) to base 14
-1349
What is 26b (base 14) in base 4?
13213
What is a80d (base 16) in base 12?
20a91
What is 1422 (base 10) in base 14?
738
What is -112002110 (base 3) in base 5?
-312042
What is 45425 (base 7) in base 9?
16735
3381 (base 15) to base 4
2222221
What is -415 (base 9) in base 7?
-662
Convert ead (base 15) to base 8.
6361
-6a8 (base 12) to base 16
-3e0
Convert 7c1 (base 14) to base 9.
2102
What is -7145 (base 11) in base 15?
-2c27
What is 4010 (base 11) in base 4?
1103113
Convert -cdb2 (base 16) to base 13.
-1ac78
What is -1320 (base 6) in base 12?
-240
What is -4433 (base 6) in base 9?
-1363
10033321 (base 4) to base 7
101506
What is 3a4 (base 15) in base 3?
1010201
What is -30142 (base 6) in base 3?
-12102022
-11000010100 (base 2) to base 7
-4352
What is -27308 (base 13) in base 8?
-216470
What is 4a3 (base 12) in base 3?
221220
27d5 (base 16) to base 14
3a05
-201 (base 8) to base 4
-2001
Convert -4966 (base 11) to base 3.
-22220012
Convert -354134 (base 6) to base 8.
-74012
What is 17bc (base 13) in base 11?
2724
What is -11010011010110 (base 2) in base 9?
-20488
Convert 9293 (base 14) to base 11.
17a45
-1321 (base 5) to base 8
-323
891 (base 15) to base 2
11110010000
Convert 34314 (base 5) to base 14.
c79
What is -1221202121 (base 3) in base 12?
-1a314
-e4b (base 16) to base 10
-3659
-22120 (base 3) to base 4
-3213
What is 8007 (base 14) in base 9?
33108
Convert -589 (base 10) to base 5.
-4324
13340 (base 6) to base 9
2756
What is 59d (base 15) in base 13?
76c
What is -2c4 (base 13) in base 3?
-200110
-26112 (base 7) to base 4
-1230012
Convert -57c (base 16) to base 12.
-990
Convert -174a (base 12) to base 14.
-1038
What is -15687 (base 9) in base 4?
-2220103
What is -a34 (base 11) in base 3?
-1201012
-6a9 (base 11) to base 13
-500
632 (base 9) to base 4
20003
Convert 68 (base 13) to base 8.
126
What is 245210 (base 6) in base 12?
10806
Convert -3020 (base 5) to base 14.
-1d7
What is -4f1 (base 16) in base 9?
-1655
-5871 (base 10) to base 14
-21d5
What is -1010010101 (base 2) in base 13?
-3bb
624 (base 9) to base 5
4013
What is 123503 (base 7) in base 8?
54546
11001011 (base 2) to base 15
d8
Convert -1010100100001 (base 2) to base 9.
-7370
Convert -1030 (base 5) to base 10.
-140
Convert -1789a (base 11) to base 15.
-7640
What is a1d (base 16) in base 5?
40324
What is 2164 (base 7) in base 10?
781
Convert -53426 (base 7) to base 8.
-31702
What is 21d (base 14) in base 10?
419
Convert -120063 (base 7) to base 10.
-21654
Convert 20082 (base 13) to base 9.
86446
What is -d87 (base 14) in base 10?
-2667
What is -1856 (base 12) in base 6?
-21350
Convert -5413 (base 8) to base 11.
-2140
Convert -214 (base 14) to base 3.
-120012
-4303 (base 5) to base 11
-486
What is -4f7b (base 16) in base 11?
-14318
2030130 (base 4) to base 7
35130
What is 1baa (base 13) in base 15?
139b
What is -1205 (base 6) in base 15?
-148
Convert -86023 (base 9) to base 3.
-2220000210
Convert -14220 (base 5) to base 13.
-702
Convert 23531 (base 6) to base 2.
110101101111
Convert -12010 (base 5) to base 7.
-2365
What is -50c5 (base 16) in base 5?
-1130202
120211 (base 3) to base 14
227
What is 7dfa (base 16) in base 3?
1122020110
c21d (base 14) to base 6
414215
-650 (base 8) to base 3
-120201
Convert -57538 (base 9) to base 6.
-453312
What is 4542 (base 6) in base 2?
10000101110
-54362 (base 8) to base 9
-34210
106 (base 9) to base 11
7a
1468d (base 15) to base 9
108887
Convert -1ac (base 14) to base 5.
-2343
77122 (base 8) to base 13
11947
Convert -2202001 (base 3) to base 10.
-1999
What is 23303 (base 4) in base 11?
627
Convert -213aa (base 11) to base 6.
-355544
What is -735 (base 8) in base 6?
-2113
2120 (base 7) to base 5
10444
-a15 (base 15) to base 11
-1784
What is 12011 (base 6) in base 11?
1338
What is 1111110110110010 (base 2) in base 6?
1220402
13212 (base 4) to base 15
226
What is 12320 (base 5) in base 9?
1276
What is 106023 (base 7) in base 11?
13206
What is 221100 (base 3) in base 12?
490
What is -12031112 (base 4) in base 13?
-b762
What is -360 (base 7) in base 2?
-10111101
-10 (base 14) to base 8
-16
What is -400 (base 14) in base 5?
-11114
Convert 1111110000 (base 2) to base 8.
1760
8d9 (base 14) to base 8
3337
What is 2985 (base 16) in base 8?
24605
34202 (base 7) to base 12
502b
Convert 2b8 (base 12) to base 3.
120212
Convert 102111102 (base 3) to base 13.
3a79
Convert -296a3 (base 12) to base 15.
-122c6
What is 100522 (base 6) in base 2?
1111100100010
What is 495 (base 13) in base 3?
1002120
-1463 (base 8) to base 16
-333
90a6 (base 11) to base 8
27477
3035 (base 6) to base 14
35d
What is -311045 (base 6) in base 10?
-24869
What is 4399 (base 14) in base 12?
692b
427 (base 11) to base 13
306
What is 2758 (base 12) in base 14?
191a
54321 (base 6) to base 16
1d29
Convert -1000011000011 (base 2) to base 10.
-4291
Convert -1110 (base 2) to base 4.
-32
Convert -6652 (base 9) to base 6.
-34415
636 (base 9) to base 7
1341
-1223 (base 10) to base 7
-3365
Convert -3b6 (base 12) to base 4.
-20322
What is -131 (base 8) in base 4?
-1121
Convert 62cb (base 15) to base 9.
31582
10771 (base 10) to base 14
3cd5
11020 (base 4) to base 16
148
4ab2 (base 12) to base 8
20446
-84b2 (base 12) to base 13
-6800
13156 (base 9) to base 16
22b0
364 (base 10) to base 12
264
352505 (base 7) to base 12
30802
What is -651 (base 15) in base 6?
-10334
-fc (base 16) to base 6
-1100
What is -12111 (base 4) in base 16?
-195
What is -135 (base 8) in base 15?
-63
Convert 17d (base 14) to base 15.
157
-d008 (base 14) to base 5
-2120210
What is -220220210 (base 3) in base 4?
-10123311
403 (base 5) to base 2
1100111
Convert -ac3 (base 14) to base 7.
-6133
541 (base 8) to base 15
188
Convert 1010101 (base 2) to base 6.
221
Conver